103
Convert 44252550 (base 6) to base 7.
14203521
-20120122301 (base 4) to base 8
-10303261
-68ac (base 13) to base 14
-54c4
Convert -8d2a70 (base 15) to base 8.
-31560326
What is -12054032 (base 6) in base 11?
-23aa61
What is 26414064 (base 7) in base 2?
1001001111110011011011
What is -11874520 (base 10) in base 14?
-1811640
Convert -aee13 (base 15) to base 9.
-1037540
Convert 1061187 (base 9) to base 13.
1702a8
-347147 (base 8) to base 3
-20000101021
Convert 328021 (base 10) to base 16.
50155
What is -222024031 (base 6) in base 13?
-aa7b89
What is 752355 (base 11) in base 2?
100100101110110111111
What is 201022200011 (base 3) in base 14?
9c843
-23b93b (base 13) to base 10
-854007
Convert -4628b6 (base 12) to base 15.
-1732b0
Convert -894a8 (base 11) to base 15.
-28674
Convert 160581 (base 11) to base 3.
110200101010
Convert 119b82 (base 14) to base 7.
5061422
What is -c667 (base 16) in base 4?
-30121213
Convert -379132 (base 10) to base 9.
-637057
584a (base 12) to base 7
40501
-221414530 (base 6) to base 2
-1111010000010111110110
-11105156 (base 7) to base 12
-3a3538
What is -2102201112 (base 3) in base 11?
-32aa7
What is 57675c (base 14) in base 7?
34203145
Convert 2aa035 (base 11) to base 13.
13b432
Convert 1025212152 (base 6) to base 16.
a62404
Convert 1075011 (base 8) to base 13.
a3701
Convert 735 (base 10) to base 16.
2df
What is -43878 (base 14) in base 3?
-22022101011
Convert 331b5 (base 15) to base 9.
266678
What is -211403020 (base 5) in base 3?
-1200002221122
Convert -22136521 (base 7) to base 12.
-7806b4
What is 13114353 (base 6) in base 12?
1889b9
2653811 (base 12) to base 6
430205221
-42ce3a (base 15) to base 11
-1884031
11011000110011101 (base 2) to base 8
330635
-688ba (base 12) to base 3
-21002101221
Convert -1011100011100111011000 (base 2) to base 16.
-2e39d8
Convert 100001000001110110100001 (base 2) to base 10.
8658337
-3232301 (base 6) to base 8
-470315
What is 5361530 (base 8) in base 13?
3b2bba
What is 13284673 (base 9) in base 13?
1484c49
-21121111200 (base 4) to base 3
-11122010200220
Convert 502625 (base 7) to base 16.
14c2a
718072 (base 11) to base 14
220137
-2abb53 (base 12) to base 11
-456239
-255542135 (base 6) to base 7
-60545252
12a83a7 (base 13) to base 15
7b0335
69448 (base 12) to base 11
966a9
What is -22303233 (base 4) in base 8?
-126357
Convert 1b9a02 (base 15) to base 12.
550725
What is 5400456 (base 10) in base 7?
63621525
-120221201021200 (base 3) to base 13
-19aaa26
Convert -24220503 (base 6) to base 10.
-764823
What is -232816 (base 13) in base 15?
-1171c4
15055205 (base 7) to base 10
1425611
What is 242a0 (base 16) in base 14?
3bda8
Convert -3b6d1 (base 15) to base 11.
-120184
Convert -171173 (base 15) to base 13.
-301824
Convert -3031040 (base 5) to base 15.
-e74a
What is -435403113 (base 6) in base 4?
-131311333311
-41023310 (base 5) to base 11
-205896
Convert 1266417 (base 8) to base 14.
9383d
Convert -562442 (base 7) to base 13.
-362b7
What is 1120333020 (base 5) in base 6?
125455535
-1882226 (base 13) to base 5
-4023433110
What is 776610 (base 8) in base 14?
6b436
What is c4169a (base 14) in base 10?
6611608
Convert -2821a (base 11) to base 4.
-21310001
What is e7665 (base 15) in base 13?
1c9019
What is -1a163 (base 16) in base 7?
-623343
13203444113 (base 5) to base 9
33880668
11201044 (base 5) to base 11
69275
What is 21011022022 (base 3) in base 2?
100010011001111001
Convert -3178298 (base 11) to base 9.
-11457862
Convert -1101022212212 (base 3) to base 16.
-b361b
What is 1acd4 (base 15) in base 5?
10243044
What is 964c5 (base 15) in base 4?
1310130200
-110021001002 (base 3) to base 4
-322322300
-2503721 (base 8) to base 7
-5603016
-9aa282 (base 13) to base 14
-6b00a1
Convert 312310032 (base 5) to base 10.
1291267
Convert -2738163 (base 9) to base 8.
-5565266
Convert -120013301 (base 4) to base 8.
-300761
Convert 10116024 (base 8) to base 16.
209c14
What is 13162020 (base 8) in base 15?
3d1a63
What is -441041342 (base 5) in base 9?
-3505158
14267 (base 9) to base 16
25e4
23411121 (base 5) to base 7
1560636
7d5507 (base 16) to base 10
8213767
-10000010100101011 (base 2) to base 11
-46261
Convert -23123210312 (base 4) to base 5.
-1231342114
Convert b47741 (base 14) to base 5.
3024342430
What is 630155 (base 7) in base 15?
2208e
-1725de (base 16) to base 10
-1517022
What is 101000101011001101111 (base 2) in base 10?
1332847
What is 4487a (base 16) in base 6?
10003310
Convert 10000111010101010011001 (base 2) to base 11.
2559851
33030114 (base 5) to base 4
1011020113
Convert -1c1d5c (base 14) to base 6.
-33305010
What is -1599a70 (base 11) in base 14?
-50bcdd
What is -45009 (base 16) in base 13?
-9b850
Convert -51412 (base 11) to base 15.
-17373
1618 (base 14) to base 9
5360
Convert 13220012 (base 5) to base 15.
293dc
Convert -341600 (base 8) to base 3.
-12212112220
-12121021220220 (base 3) to base 5
-1230243113
What is 56b097 (base 12) in base 14?
281a15
What is -2011201200222 (base 3) in base 12?
-478b75
What is -4fba2 (base 16) in base 7?
-2530035
What is -1110430414 (base 5) in base 7?
-26465042
-3214 (base 9) to base 5
-33422
1001011000000011011001 (base 2) to base 11
142965a
Convert -132847 (base 10) to base 16.
-206ef
101310320 (base 4) to base 11
4a949
Convert 2336235 (base 7) to base 10.
295104
Convert 1111001100001100110 (base 2) to base 13.
145749
Convert 257d3 (base 15) to base 14.
319a2
55042010 (base 6) to base 15
22578c
1000010010000101111110 (base 2) to base 10
2171262
Convert -12221002001121 (base 3) to base 13.
-86418a
What is -db7cb (base 14) in base 16?
-81ac7
What is -59a18a (base 11) in base 16?
-e8119
Convert 1101111011010111 (base 2) to base 8.
157327
What is 200059 (base 12) in base 3?
221021202120
-2505832 (base 12) to base 9
-14533132
Convert 345553102 (base 6) to base 16.
623c1e
Convert 22141411 (base 5) to base 14.
50672
What is 2012102111212 (base 3) in base 6?
41023122
Convert -21a7a26 (base 13) to base 9.
-21380745
-100113231211 (base 4) to base 3
-22002000201211
What is 6bb474 (base 12) in base 10?
1740760
-100001111000000010 (base 2) to base 13
-4b205
What is 142435522 (base 6) in base 2?
1011001011000100101010
What is -12700046 (base 9) in base 7?
-104126334
What is 1320304 (base 5) in base 15?
7c04
Convert 611712 (base 9) to base 12.
155702
13761652 (base 8) to base 16
2fe3aa
What is 21312213000 (base 4) in base 8?
11664700
What is 17879 (base 12) in base 13?
12684
-28013b3 (base 12) to base 15
-a74e99
Convert -46757 (base 9) to base 4.
-13220011
-61388 (base 15) to base 7
-2421515
17db0 (base 16) to base 5
11111322
-a703b (base 14) to base 6
-12351405
-1324732 (base 8) to base 10
-371162
34da1a (base 14) to base 16
1b89f8
-211430023 (base 5) to base 11
-558235
24422353 (base 6) to base 10
780765
Convert 225a8 (base 11) to base 3.
1122210220
What is -4515513 (base 6) in base 15?
-47899
-10010011101110001110 (base 2) to base 13
-18253b
4c31a (base 14) to base 6
4002404
Convert 288903 (base 11) to base 8.
1560632
Convert -4b3c7 (base 15) to base 4.
-322231213
-9080 (base 11) to base 3
-121112221
What is -667791 (base 14) in base 8?
-15211203
Convert -1110000122201 (base 3) to base 12.
-310617
84970 (base 10) to base 5
10204340
What is -113052 (base 7) in base 3?
-1000210220
32120330 (base 5) to base 16
41f0a
What is -42253 (base 11) in base 6?
-1152502
-1283db (base 14) to base 2
-10011011100111001101
Convert -1001101000111101100 (base 2) to base 11.
-1a6368
Convert -2f619a (base 16) to base 10.
-3105178
Convert -1f0b57 (base 16) to base 3.
-10211100211120
What is -335531 (base 9) in base 2?
-110001000011001100
-58a724 (base 16) to base 7
-100245435
Convert -147437 (base 13) to base 7.
-4156334
-9bb06 (base 15) to base 16
-78e7f
What is 2a554 (base 12) in base 16?
e890
-11bf1 (base 16) to base 14
-1c6c1
Convert -220200021 (base 4) to base 10.
-165897
What is -61d844 (base 14) in base 8?
-14462404
Convert 121100211211012 (base 3) to base 10.
8696840
What is -11133222002 (base 4) in base 2?
-101011111101010000010
-188082 (base 12) to base 11
-273055
Convert 1100101101011000010011 (base 2) to base 11.
19760a0
Convert -214114304 (base 5) to base 6.
-31503552
What is -5542546 (base 10) in base 4?
-111021022102
What is 176112 (base 13) in base 15?
b8326
-1d2e83 (ba